
14104
Convert -121312 (base 4) to base 5.
-23104
Convert -7fd (base 16) to base 3.
-2210202
-1000 (base 2) to base 14
-8
Convert -428 (base 11) to base 14.
-28a
What is -2255 (base 7) in base 13?
-4b5
-10ba (base 14) to base 4
-231130
What is -10001110000010 (base 2) in base 13?
-41a3
What is -534 (base 7) in base 8?
-416
1251 (base 9) to base 15
427
-33606 (base 8) to base 14
-5274
-1920 (base 11) to base 4
-212022
272 (base 14) to base 3
200020
What is -1747 (base 9) in base 10?
-1339
Convert 4753 (base 8) to base 15.
b44
-4778 (base 9) to base 12
-2082
What is 6b8 (base 13) in base 8?
2215
What is 1101001110110 (base 2) in base 15?
2019
What is -2551 (base 7) in base 14?
-4d1
417 (base 8) to base 13
17b
71427 (base 8) to base 5
1420323
What is 1944 (base 10) in base 3?
2200000
What is -10302 (base 4) in base 7?
-615
Convert 4234 (base 5) to base 12.
3b5
Convert 37c3 (base 15) to base 13.
5541
Convert -aa2 (base 11) to base 7.
-3566
2468 (base 11) to base 10
3220
What is 20141 (base 6) in base 2?
101001011101
-1f8 (base 16) to base 8
-770
Convert 3ec (base 16) to base 6.
4352
What is -4c94 (base 16) in base 15?
-5c1e
1040 (base 6) to base 5
1430
-403543 (base 6) to base 10
-31959
-57 (base 8) to base 5
-142
What is 1677a (base 13) in base 16?
a813
What is 136b7 (base 12) in base 2?
110100100101011
Convert 33415 (base 7) to base 10.
8440
Convert 4154 (base 10) to base 13.
1b77
What is -4570 (base 15) in base 6?
-152110
Convert -36261 (base 7) to base 4.
-2102322
-97a4 (base 11) to base 12
-75a4
-750 (base 8) to base 10
-488
-100121 (base 5) to base 8
-6131
What is 3441340 (base 5) in base 6?
1155251
What is 878 (base 13) in base 12?
a0b
Convert -21330 (base 4) to base 14.
-336
Convert -a84 (base 14) to base 7.
-6024
Convert -2232 (base 10) to base 13.
-1029
What is 31020 (base 4) in base 16?
348
Convert -503 (base 11) to base 15.
-2a8
What is 4a5 (base 11) in base 15?
29e
Convert -1101120 (base 3) to base 13.
-600
What is -6461 (base 9) in base 3?
-20112001
What is 122032 (base 7) in base 13?
a20a
What is -12111 (base 3) in base 5?
-1043
What is -740 (base 15) in base 11?
-1257
What is -13d (base 15) in base 11?
-238
What is -556 (base 11) in base 9?
-820
Convert -242 (base 12) to base 9.
-415
Convert a552 (base 12) to base 11.
12630
What is -1b3 (base 13) in base 14?
-187
2fe1 (base 16) to base 13
576b
What is -107132 (base 8) in base 13?
-13783
Convert 105451 (base 6) to base 2.
10001101000111
What is -131232 (base 4) in base 15?
-86c
What is 3455 (base 6) in base 11?
692
Convert 540 (base 6) to base 11.
176
What is c5 (base 14) in base 12?
125
220101202 (base 3) to base 13
8132
What is -15021 (base 6) in base 12?
-1471
What is -110001001100111 (base 2) in base 12?
-126b3
What is 111110 (base 2) in base 11?
57
Convert c98a (base 14) to base 4.
20133332
10044 (base 5) to base 15
2d4
What is 2320 (base 13) in base 14?
1b1d
What is 33a59 (base 11) in base 10?
49190
What is 1203231 (base 4) in base 3?
22202100
4b27 (base 15) to base 8
37214
What is 50686 (base 9) in base 10?
33369
What is 2fae (base 16) in base 9?
17662
Convert 19a5 (base 15) to base 10.
5555
Convert -2332 (base 5) to base 10.
-342
143545 (base 8) to base 14
14861
54cb (base 13) to base 5
334303
What is 132402 (base 5) in base 9?
7306
What is -92 (base 15) in base 7?
-254
Convert e20 (base 16) to base 14.
1464
1da5 (base 15) to base 4
1210313
What is 812 (base 12) in base 10?
1166
What is -1011110001 (base 2) in base 6?
-3253
-42 (base 11) to base 2
-101110
What is 3201 (base 7) in base 13?
68a
2220220012 (base 3) to base 13
20243
33111 (base 4) to base 7
2601
What is 13002 (base 5) in base 10?
1002
What is 18db0 (base 14) in base 9?
105457
Convert 3dd1 (base 14) to base 9.
16031
Convert 535 (base 13) to base 14.
477
Convert -22076 (base 8) to base 16.
-243e
22668 (base 10) to base 11
16038
Convert -1020100 (base 3) to base 10.
-900
-144c2 (base 13) to base 5
-2210213
What is -76 (base 11) in base 7?
-146
-1dd2 (base 14) to base 15
-1951
Convert 134050 (base 6) to base 12.
7326
Convert 422 (base 9) to base 8.
530
What is 101001011101 (base 2) in base 13?
1291
Convert -200012021 (base 3) to base 10.
-13264
-14650 (base 7) to base 13
-1b37
What is 3014 (base 5) in base 8?
600
-33a3 (base 16) to base 7
-53353
What is 157 (base 14) in base 8?
421
-1021545 (base 6) to base 9
-75122
48a3 (base 12) to base 8
17773
Convert -2269 (base 12) to base 3.
-12020200
What is 2df (base 16) in base 8?
1337
Convert 1b5 (base 12) to base 5.
2111
-25346 (base 11) to base 10
-36350
-11264 (base 7) to base 3
-10221222
10321 (base 4) to base 14
185
1002110 (base 3) to base 11
663
1366 (base 8) to base 16
2f6
Convert 21774 (base 9) to base 16.
3895
-11000100011010 (base 2) to base 7
-51435
5051 (base 10) to base 15
176b
What is 141a1 (base 11) in base 10?
20197
What is 27126 (base 9) in base 3?
221010220
6427 (base 13) to base 14
50c3
3435 (base 11) to base 10
4515
Convert 1013132 (base 4) to base 2.
1000111011110
What is -3519 (base 10) in base 5?
-103034
Convert -2d1 (base 16) to base 6.
-3201
-1010101001 (base 2) to base 16
-2a9
-13152 (base 7) to base 11
-2707
-2ccc (base 13) to base 8
-14676
What is 2047 (base 10) in base 6?
13251
Convert -320212 (base 4) to base 9.
-4864
-130112 (base 5) to base 3
-20220101
Convert -6532 (base 7) to base 13.
-109c
What is -2047 (base 12) in base 10?
-3511
What is -1519 (base 12) in base 14?
-c85
What is 15263 (base 7) in base 6?
31415
Convert -4226 (base 8) to base 4.
-202112
1047 (base 14) to base 4
223313
What is 8ac (base 15) in base 4?
132222
What is -26557 (base 8) in base 14?
-434b
Convert -1830 (base 10) to base 3.
-2111210
Convert 600c (base 16) to base 3.
1020201200
-5204 (base 6) to base 11
-961
What is 1101000010100 (base 2) in base 15?
1ea1
What is 101001011111000 (base 2) in base 3?
1002010200
Convert -3320 (base 7) to base 13.
-707
Convert -312034 (base 5) to base 3.
-112002100
What is 1165 (base 10) in base 13?
6b8
Convert -104012 (base 5) to base 8.
-7060
Convert 203 (base 14) to base 9.
478
Convert -a8a (base 14) to base 4.
-200202
Convert -106 (base 14) to base 4.
-3022
Convert 1100320 (base 4) to base 6.
35544
-1110100011 (base 2) to base 6
-4151
What is -101100111000111 (base 2) in base 14?
-8539
Convert -6737 (base 9) to base 15.
-171a
910 (base 10) to base 13
550
What is 121102 (base 3) in base 9?
542
-1c0 (base 15) to base 13
-252
Convert -1786 (base 10) to base 4.
-123322
-1365a (base 12) to base 7
-141202
-db (base 16) to base 12
-163
Convert 14334 (base 5) to base 16.
4c3
What is 15496 (base 12) in base 4?
13111302
What is 121d (base 14) in base 6?
22351
-18a86 (base 12) to base 8
-106406
What is -637 (base 14) in base 8?
-2311
-121111 (base 4) to base 12
-b31
Convert -22331 (base 4) to base 11.
-588
What is -234 (base 12) in base 14?
-196
-91d8 (base 14) to base 11
-17932
What is 111111010110001 (base 2) in base 3?
1122111020
What is -175b (base 12) in base 6?
-20555
-3a9 (base 13) to base 9
-787
Convert 11176 (base 10) to base 12.
6574
Convert 43011 (base 5) to base 13.
1408
Convert -2131 (base 15) to base 12.
-4091
2210 (base 4) to base 14
ba
Convert 1101010 (base 3) to base 10.
1002
-5645 (base 9) to base 11
-3153
Convert -5890 (base 14) to base 5.
-443124
1433 (base 5) to base 11
201
-52525 (base 7) to base 12
-75b7
1200001 (base 4) to base 3
22102121
What is -24023 (base 6) in base 7?
-13056
3532 (base 15) to base 2
10110000100001
88d (base 14) to base 16
69d
Convert -2141 (base 5) to base 15.
-14b
What is -a26 (base 13) in base 16?
-6ba
-110000100 (base 2) to base 4
-12010
Convert 220122 (base 3) to base 13.
3c2
-110422 (base 5) to base 11
-29a1
What is 814 (base 11) in base 7?
2603
What is 10417 (base 9) in base 15?
20a1
Convert 49b (base 14) to base 2.
1110011001
Convert 30712 (base 8) to base 16.
31ca
-40311 (base 5) to base 13
-1237
What is 4432 (base 5) in base 7?
1541
Convert 34940 (base 10) to base 11.
24284
What is 200540 (base 6) in base 9?
23546
Convert 10a (base 12) to base 9.
181
763 (base 8) to base 3
200111
What is -14424 (base 6) in base 16?
-910
What is -37876 (base 9) in base 16?
-639f
-125555 (base 6) to base 8
-26617
14008 (base 10) to base 6
144504
189 (base 10) to base 11
162
-11eb (base 15) to base 10
-